 2) to base 12.
-a
Convert 34 (base 16) to base 5.
202
What is 0 (base 11) in base 9?
0
What is -1d (base 16) in base 3?
-1002
Convert -c (base 13) to base 12.
-10
What is 12 (base 3) in base 11?
5
What is 23 (base 9) in base 7?
30
-107 (base 8) to base 14
-51
What is 31 (base 6) in base 16?
13
Convert 3 (base 8) to base 14.
3
What is -1001001 (base 2) in base 5?
-243
Convert -111100 (base 2) to base 16.
-3c
Convert c (base 15) to base 12.
10
What is 1000 (base 2) in base 8?
10
What is -1 (base 9) in base 14?
-1
Convert 3 (base 7) to base 8.
3
-2 (base 4) to base 12
-2
What is -127 (base 15) in base 14?
-14a
Convert 47 (base 10) to base 8.
57
What is -13a (base 12) in base 8?
-276
Convert -1 (base 13) to base 8.
-1
-4 (base 8) to base 12
-4
-16 (base 16) to base 10
-22
Convert c (base 15) to base 12.
10
What is -5 (base 15) in base 2?
-101
Convert -1 (base 4) to base 7.
-1
What is -6 (base 10) in base 7?
-6
Convert 11 (base 6) to base 5.
12
-3 (base 15) to base 4
-3
-11 (base 6) to base 15
-7
Convert -404 (base 6) to base 12.
-104
2101 (base 3) to base 14
48
-140 (base 5) to base 12
-39
Convert 9 (base 16) to base 6.
13
-24 (base 7) to base 11
-17
92 (base 10) to base 9
112
Convert -67 (base 10) to base 5.
-232
What is 1145 (base 6) in base 14?
161
Convert -55 (base 6) to base 12.
-2b
70 (base 12) to base 15
59
be (base 16) to base 11
163
What is 7 (base 9) in base 15?
7
Convert -10 (base 4) to base 13.
-4
c (base 16) to base 12
10
6 (base 9) to base 3
20
What is 82 (base 14) in base 4?
1302
What is -b (base 16) in base 6?
-15
1001 (base 2) to base 3
100
-240 (base 7) to base 5
-1001
Convert -a (base 16) to base 6.
-14
4 (base 6) to base 8
4
349 (base 11) to base 3
120102
What is -53 (base 7) in base 13?
-2c
7 (base 15) to base 7
10
What is -11 (base 2) in base 8?
-3
11 (base 8) to base 16
9
Convert 12210 (base 3) to base 10.
156
What is 113 (base 4) in base 14?
19
What is -45 (base 9) in base 10?
-41
What is 4 (base 14) in base 16?
4
12 (base 8) to base 11
a
Convert 100100 (base 2) to base 5.
121
Convert 320 (base 5) to base 8.
125
What is -22020 (base 3) in base 13?
-141
-103 (base 8) to base 12
-57
-17 (base 15) to base 6
-34
1303 (base 5) to base 13
128
Convert -11000011 (base 2) to base 5.
-1240
Convert 22 (base 15) to base 6.
52
Convert 12 (base 3) to base 8.
5
Convert 2 (base 7) to base 8.
2
What is 8 (base 9) in base 13?
8
Convert 53 (base 16) to base 15.
58
-51 (base 16) to base 15
-56
What is -321 (base 4) in base 9?
-63
Convert -a (base 13) to base 14.
-a
What is -3 (base 11) in base 16?
-3
Convert 2 (base 5) to base 15.
2
Convert -2 (base 4) to base 14.
-2
Convert 4a (base 12) to base 6.
134
-11 (base 10) to base 15
-b
What is 43 (base 8) in base 9?
38
Convert 147 (base 13) to base 12.
170
Convert 12 (base 4) to base 16.
6
Convert -101 (base 6) to base 8.
-45
-40 (base 14) to base 8
-70
What is -4 (base 8) in base 9?
-4
-20 (base 9) to base 13
-15
What is -3b (base 16) in base 7?
-113
-2 (base 12) to base 11
-2
-5b (base 15) to base 12
-72
3 (base 7) to base 16
3
-3 (base 6) to base 10
-3
Convert -11 (base 6) to base 10.
-7
What is 3 (base 5) in base 4?
3
127 (base 14) to base 4
3213
Convert 1 (base 8) to base 12.
1
Convert 5 (base 13) to base 2.
101
What is -37 (base 9) in base 10?
-34
Convert -d (base 14) to base 16.
-d
What is -11 (base 13) in base 9?
-15
-4 (base 8) to base 5
-4
3 (base 15) to base 6
3
What is 34 (base 5) in base 4?
103
What is -2111 (base 3) in base 9?
-74
What is 3 (base 15) in base 8?
3
Convert -1110 (base 2) to base 15.
-e
10 (base 10) to base 9
11
Convert 34 (base 11) to base 5.
122
Convert 11 (base 5) to base 10.
6
What is -9 (base 16) in base 7?
-12
What is -4 (base 9) in base 3?
-11
Convert -a (base 15) to base 10.
-10
Convert 24 (base 6) to base 15.
11
Convert 3 (base 11) to base 4.
3
What is 11203 (base 4) in base 6?
1351
Convert 8 (base 16) to base 13.
8
4 (base 5) to base 6
4
421 (base 8) to base 7
540
What is -2 (base 11) in base 6?
-2
What is 100 (base 2) in base 15?
4
What is 10 (base 5) in base 15?
5
-15 (base 10) to base 13
-12
42 (base 5) to base 8
26
1 (base 6) to base 16
1
b (base 13) to base 7
14
10010 (base 2) to base 7
24
Convert 17 (base 13) to base 12.
18
1 (base 16) to base 14
1
-42 (base 15) to base 11
-57
-2 (base 4) to base 14
-2
12 (base 4) to base 13
6
-2231 (base 4) to base 2
-10101101
Convert 4 (base 8) to base 16.
4
What is 20 (base 4) in base 15?
8
Convert -2 (base 10) to base 5.
-2
10 (base 2) to base 11
2
Convert 1002 (base 3) to base 12.
25
0 (base 7) to base 10
0
Convert -2 (base 4) to base 16.
-2
Convert 2111 (base 3) to base 16.
43
What is 36 (base 7) in base 14?
1d
Convert 120 (base 3) to base 14.
11
What is 2 (base 7) in base 4?
2
What is -10 (base 11) in base 14?
-b
Convert 2 (base 16) to base 5.
2
3 (base 16) to base 7
3
-11 (base 2) to base 12
-3
-188 (base 9) to base 4
-2201
70 (base 8) to base 7
110
-221 (base 3) to base 12
-21
-4 (base 11) to base 4
-10
-3 (base 14) to base 6
-3
What is -36 (base 15) in base 2?
-110011
c (base 16) to base 10
12
11101 (base 2) to base 8
35
Convert -5 (base 8) to base 2.
-101
84 (base 13) to base 11
99
Convert -1 (base 6) to base 16.
-1
What is 2f (base 16) in base 8?
57
-200 (base 3) to base 15
-13
-16 (base 11) to base 12
-15
101111 (base 2) to base 15
32
Convert 5 (base 15) to base 3.
12
Convert f7 (base 16) to base 7.
502
What is -25 (base 8) in base 11?
-1a
Convert -2 (base 5) to base 10.
-2
What is 14 (base 14) in base 12?
16
Convert 0 (base 15) to base 6.
0
What is -46 (base 10) in base 8?
-56
What is -33 (base 4) in base 3?
-120
What is -25 (base 7) in base 3?
-201
Convert 2 (base 8) to base 13.
2
What is 426 (base 7) in base 15?
e6
-1 (base 9) to base 6
-1
What is 1 (base 9) in base 13?
1
Convert 355 (base 8) to base 16.
ed
Convert -14c (base 13) to base 5.
-1413
-26 (base 11) to base 7
-40
160 (base 10) to base 6
424
Convert -26 (base 14) to base 6.
-54
-2 (base 8) to base 9
-2
Convert 202 (base 5) to base 11.
48
What is -45 (base 10) in base 8?
-55
What is 55 (base 10) in base 6?
131
-10 (base 8) to base 4
-20
What is -1 (base 15) in base 3?
-1
Convert -2 (base 7) to base 6.
-2
111101 (base 2) to base 6
141
Convert 5 (base 15) to base 6.
5
What is 1 (base 12) in base 3?
1
2100 (base 5) to base 10
275
10102 (base 3) to base 6
232
Convert 121 (base 6) to base 14.
37
What is 5 (base 13) in base 14?
5
What is 6 (base 15) in base 14?
6
-117 (base 9) to base 13
-76
What is -24 (base 11) in base 5?
-101
What is -152 (base 6) in base 13?
-53
Convert 31 (base 16) to base 3.
1211
What is 56 (base 16) in base 11?
79
What is 25 (base 9) in base 11?
21
Convert 113 (base 5) to base 6.
53
Convert -3 (base 16) to base 3.
-10
Convert 4 (base 6) to base 9.
4
What is 10 (base 10) in base 14?
a
Convert -3 (base 11) to base 15.
-3
7e (base 15) to base 6
315
Convert 14 (base 10) to base 3.
112
Convert -3 (base 9) to base 15.
-3
-8 (base 13) to base 14
-8
Convert -63 (base 10) to base 16.
-3f
173 (base 9) to base 10
147
-2 (base 6) to base 15
-2
What is -2 (base 11) in base 13?
-2
13 (base 4) to base 11
7
-1443 (base 5) to base 14
-13a
Convert 16 (base 8) to base 5.
24
What is 12 (base 3) in base 5?
10
What is 64 (base 10) in base 11?
59
-3 (base 5) to base 11
-3
0 (base 8) to base 4
0
Convert 2 (base 15) to base 14.
2
-2 (base 16) to base 10
-2
-75 (base 9) to base 10
-68
What is 49 (base 11) in base 4?
311
Convert 10 (base 6) to base 3.
20
Convert 1 (base 9) to base 12.
1
What is -1b (base 13) in base 2?
-11000
Convert 230 (base 4) to base 13.
35
Convert -110 (base 2) to base 11.
-6
Convert -3 (base 8) to base 4.
-3
What is 53 (base 16) in base 7?
146
-6 (base 11) to base 16
-6
Convert 5b (base 12) to base 2.
1000111
9 (base 12) to base 7
12
Convert 1 (base 5) to base 9.
1
Convert -1000001 (base 2) to base 10.
-65
-303 (base 7) to base 5
-1100
-7 (base 9) to base 14
-7
20020 (base 3) to base 6
440
What is -2 (base 11) in base 4?
-2
Convert 6 (base 7) to base 13.
6
What is 1 (base 3) in base 12?
1
Convert -211 (base 4) to base 11.
-34
What is 59 (base 15) in base 5?
314
What is -1001 (base 2) in base 9?
-10
30 (base 11) to base 13
27
What is 210 (base 4) in base 10?
36
-12 (base 14) to base 4
-100
-3 (base 14) to base 2
-11
Convert 6 (ba